{"id":33,"date":"2026-04-26T11:33:05","date_gmt":"2026-04-26T11:33:05","guid":{"rendered":"https:\/\/www.sitetest.ufesingapour.com\/?page_id=33"},"modified":"2026-04-26T11:34:29","modified_gmt":"2026-04-26T11:34:29","slug":"evenements","status":"publish","type":"page","link":"https:\/\/www.sitetest.ufesingapour.com\/index.php\/evenements\/","title":{"rendered":"Ev\u00e9nements"},"content":{"rendered":"\n<p><strong>Tout au long de l\u2019ann\u00e9e, l\u2019UFE Singapour propose des rendez-vous qui font vivre la communaut\u00e9 fran\u00e7aise \u00e0 Singapour : moments de convivialit\u00e9, rencontres, d\u00e9couvertes et \u00e9v\u00e9nements qui cr\u00e9ent du lien.<\/strong><br><\/p>\n","protected":false},"excerpt":{"rendered":"<p>Tout au long de l\u2019ann\u00e9e, l\u2019UFE Singapour propose des rendez-vous qui font vivre la communaut\u00e9 fran\u00e7aise \u00e0 Singapour : moments de convivialit\u00e9, rencontres, d\u00e9couvertes et \u00e9v\u00e9nements qui cr\u00e9ent du lien.<\/p>\n","protected":false},"author":1,"featured_media":0,"parent":0,"menu_order":0,"comment_status":"closed","ping_status":"closed","template":"","meta":{"_kad_post_transparent":"","_kad_post_title":"","_kad_post_layout":"","_kad_post_sidebar_id":"","_kad_post_content_style":"","_kad_post_vertical_padding":"","_kad_post_feature":"","_kad_post_feature_position":"","_kad_post_header":false,"_kad_post_footer":false,"_kad_post_classname":"","footnotes":""},"class_list":["post-33","page","type-page","status-publish","hentry"],"_links":{"self":[{"href":"https:\/\/www.sitetest.ufesingapour.com\/index.php\/wp-json\/wp\/v2\/pages\/33","targetHints":{"allow":["GET"]}}],"collection":[{"href":"https:\/\/www.sitetest.ufesingapour.com\/index.php\/wp-json\/wp\/v2\/pages"}],"about":[{"href":"https:\/\/www.sitetest.ufesingapour.com\/index.php\/wp-json\/wp\/v2\/types\/page"}],"author":[{"embeddable":true,"href":"https:\/\/www.sitetest.ufesingapour.com\/index.php\/wp-json\/wp\/v2\/users\/1"}],"replies":[{"embeddable":true,"href":"https:\/\/www.sitetest.ufesingapour.com\/index.php\/wp-json\/wp\/v2\/comments?post=33"}],"version-history":[{"count":3,"href":"https:\/\/www.sitetest.ufesingapour.com\/index.php\/wp-json\/wp\/v2\/pages\/33\/revisions"}],"predecessor-version":[{"id":36,"href":"https:\/\/www.sitetest.ufesingapour.com\/index.php\/wp-json\/wp\/v2\/pages\/33\/revisions\/36"}],"wp:attachment":[{"href":"https:\/\/www.sitetest.ufesingapour.com\/index.php\/wp-json\/wp\/v2\/media?parent=33"}],"curies":[{"name":"wp","href":"https:\/\/api.w.org\/{rel}","templated":true}]}}